{"id":3640,"date":"2018-08-26T23:03:17","date_gmt":"2018-08-26T21:03:17","guid":{"rendered":"http:\/\/slowozycia.home.pl\/str2\/?page_id=3640"},"modified":"2025-07-31T14:38:09","modified_gmt":"2025-07-31T12:38:09","slug":"chrzest-wodny","status":"publish","type":"page","link":"https:\/\/slowozycia.wroclaw.pl\/index.php\/poczytaj\/chrzest-wodny\/","title":{"rendered":"Chrzest wodny"},"content":{"rendered":"\t\t<div data-elementor-type=\"wp-page\" data-elementor-id=\"3640\" class=\"elementor elementor-3640\" data-elementor-post-type=\"page\">\n\t\t\t\t<div class=\"elementor-element elementor-element-e7d51b4 e-flex e-con-boxed e-con e-parent\" data-id=\"e7d51b4\" data-element_type=\"container\" data-settings=\"{&quot;jet_parallax_layout_list&quot;:[]}\">\n\t\t\t\t\t<div class=\"e-con-inner\">\n\t\t\t\t<div class=\"elementor-element elementor-element-68b1f5f elementor-widget__width-inherit elementor-widget-divider--view-line elementor-widget elementor-widget-divider\" data-id=\"68b1f5f\" data-element_type=\"widget\" data-widget_type=\"divider.default\">\n\t\t\t\t<div class=\"elementor-widget-container\">\n\t\t\t\t\t\t\t<div class=\"elementor-divider\">\n\t\t\t<span class=\"elementor-divider-separator\">\n\t\t\t\t\t\t<\/span>\n\t\t<\/div>\n\t\t\t\t\t\t<\/div>\n\t\t\t\t<\/div>\n\t\t\t\t<div class=\"elementor-element elementor-element-c6f2f7b jet-breadcrumbs-align-left jet-breadcrumbs-align-mobile-center elementor-widget elementor-widget-jet-breadcrumbs\" data-id=\"c6f2f7b\" data-element_type=\"widget\" data-widget_type=\"jet-breadcrumbs.default\">\n\t\t\t\t<div class=\"elementor-widget-container\">\n\t\t\t\t\t<div class=\"elementor-jet-breadcrumbs jet-blocks\">\n\t\t<div class=\"jet-breadcrumbs\">\n\t\t<div class=\"jet-breadcrumbs__content\">\n\t\t<div class=\"jet-breadcrumbs__wrap\"><div class=\"jet-breadcrumbs__item\"><a href=\"https:\/\/slowozycia.wroclaw.pl\/\" class=\"jet-breadcrumbs__item-link is-home\" rel=\"home\" title=\"Strona g\u0142\u00f3wna\">Strona g\u0142\u00f3wna<\/a><\/div>\n\t\t<\/div>\n\t\t<\/div>\n\t\t<\/div><\/div>\t\t\t\t<\/div>\n\t\t\t\t<\/div>\n\t\t\t\t\t<\/div>\n\t\t\t\t<\/div>\n\t\t<div class=\"elementor-element elementor-element-b8e5e3d e-flex e-con-boxed e-con e-parent\" data-id=\"b8e5e3d\" data-element_type=\"container\" data-settings=\"{&quot;jet_parallax_layout_list&quot;:[]}\">\n\t\t\t\t\t<div class=\"e-con-inner\">\n\t\t\t\t<div class=\"elementor-element elementor-element-14d2a27 elementor-widget__width-initial elementor-hidden-mobile elementor-toc--minimized-on-tablet elementor-widget elementor-widget-table-of-contents\" data-id=\"14d2a27\" data-element_type=\"widget\" data-settings=\"{&quot;exclude_headings_by_selector&quot;:[],&quot;no_headings_message&quot;:&quot;No headings were found on this page.&quot;,&quot;headings_by_tags&quot;:[&quot;h2&quot;,&quot;h3&quot;,&quot;h4&quot;,&quot;h5&quot;,&quot;h6&quot;],&quot;marker_view&quot;:&quot;numbers&quot;,&quot;minimize_box&quot;:&quot;yes&quot;,&quot;minimized_on&quot;:&quot;tablet&quot;,&quot;hierarchical_view&quot;:&quot;yes&quot;,&quot;min_height&quot;:{&quot;unit&quot;:&quot;px&quot;,&quot;size&quot;:&quot;&quot;,&quot;sizes&quot;:[]},&quot;min_height_tablet&quot;:{&quot;unit&quot;:&quot;px&quot;,&quot;size&quot;:&quot;&quot;,&quot;sizes&quot;:[]},&quot;min_height_mobile&quot;:{&quot;unit&quot;:&quot;px&quot;,&quot;size&quot;:&quot;&quot;,&quot;sizes&quot;:[]}}\" data-widget_type=\"table-of-contents.default\">\n\t\t\t\t<div class=\"elementor-widget-container\">\n\t\t\t\t\t\t\t\t\t<div class=\"elementor-toc__header\">\n\t\t\t\t\t\t<h4 class=\"elementor-toc__header-title\">\n\t\t\t\tSpis tre\u015bci\t\t\t<\/h4>\n\t\t\t\t\t\t\t\t\t\t<div class=\"elementor-toc__toggle-button elementor-toc__toggle-button--expand\" role=\"button\" tabindex=\"0\" aria-controls=\"elementor-toc__14d2a27\" aria-expanded=\"true\" aria-label=\"Open table of contents\"><svg aria-hidden=\"true\" class=\"e-font-icon-svg e-fas-chevron-down\" viewBox=\"0 0 448 512\" xmlns=\"http:\/\/www.w3.org\/2000\/svg\"><path d=\"M207.029 381.476L12.686 187.132c-9.373-9.373-9.373-24.569 0-33.941l22.667-22.667c9.357-9.357 24.522-9.375 33.901-.04L224 284.505l154.745-154.021c9.379-9.335 24.544-9.317 33.901.04l22.667 22.667c9.373 9.373 9.373 24.569 0 33.941L240.971 381.476c-9.373 9.372-24.569 9.372-33.942 0z\"><\/path><\/svg><\/div>\n\t\t\t\t<div class=\"elementor-toc__toggle-button elementor-toc__toggle-button--collapse\" role=\"button\" tabindex=\"0\" aria-controls=\"elementor-toc__14d2a27\" aria-expanded=\"true\" aria-label=\"Close table of contents\"><svg aria-hidden=\"true\" class=\"e-font-icon-svg e-fas-chevron-up\" viewBox=\"0 0 448 512\" xmlns=\"http:\/\/www.w3.org\/2000\/svg\"><path d=\"M240.971 130.524l194.343 194.343c9.373 9.373 9.373 24.569 0 33.941l-22.667 22.667c-9.357 9.357-24.522 9.375-33.901.04L224 227.495 69.255 381.516c-9.379 9.335-24.544 9.317-33.901-.04l-22.667-22.667c-9.373-9.373-9.373-24.569 0-33.941L207.03 130.525c9.372-9.373 24.568-9.373 33.941-.001z\"><\/path><\/svg><\/div>\n\t\t\t\t\t<\/div>\n\t\t\t\t<div id=\"elementor-toc__14d2a27\" class=\"elementor-toc__body\">\n\t\t\t<div class=\"elementor-toc__spinner-container\">\n\t\t\t\t<svg class=\"elementor-toc__spinner eicon-animation-spin e-font-icon-svg e-eicon-loading\" aria-hidden=\"true\" viewBox=\"0 0 1000 1000\" xmlns=\"http:\/\/www.w3.org\/2000\/svg\"><path d=\"M500 975V858C696 858 858 696 858 500S696 142 500 142 142 304 142 500H25C25 237 238 25 500 25S975 237 975 500 763 975 500 975Z\"><\/path><\/svg>\t\t\t<\/div>\n\t\t<\/div>\n\t\t\t\t\t\t<\/div>\n\t\t\t\t<\/div>\n\t\t\t\t<div class=\"elementor-element elementor-element-6ddb478 elementor-widget__width-initial elementor-widget elementor-widget-text-editor\" data-id=\"6ddb478\" data-element_type=\"widget\" data-widget_type=\"text-editor.default\">\n\t\t\t\t<div class=\"elementor-widget-container\">\n\t\t\t\t\t\t\t\t\t<div class=\"content\"><p style=\"text-align: center;\"><strong>Pastor Artur \u015amieja<\/strong><\/p><p>Dla wi\u0119kszo\u015bci z nas, nowonarodzonych chrze\u015bcijan, chrzest wodny nie jest, wydawa\u0142oby si\u0119, jakim\u015b szczeg\u00f3lnym punktem spornym. W zasadzie wszyscy zgadzamy si\u0119 z tym, \u017ce powinni\u015bmy by\u0107 ochrzczeni w wodzie zgodnie z Ew. Mat. 28:20 w imi\u0119 Ojca i Syna, i Ducha \u015awi\u0119tego.<\/p><p>Dyskusja zaczyna si\u0119 natomiast wtedy, gdy wchodzimy w szczeg\u00f3\u0142y konkretnego podej\u015bcia do kwestii chrztu. Dlatego napisa\u0142em niniejszy tekst, kt\u00f3ry si\u0142\u0105 rzeczy nie jest ca\u0142o\u015bciowym opracowaniem, ale raczej pr\u00f3b\u0105 opisania spojrzenia naszego ko\u015bcio\u0142a na ten temat. Mam nadziej\u0119, \u017ce pomo\u017ce on wszystkim tym, kt\u00f3rzy maj\u0105 pytania w tej dziedzinie.<\/p><p>Podstaw\u0105 moich rozwa\u017ca\u0144 jest to, co Pismo \u015awi\u0119te m\u00f3wi na temat chrztu wodnego. Dla nas jest ono nadrz\u0119dne wobec tradycji i zwyczaj\u00f3w zgodnie z zasad\u0105 \u201eSola Scriptura\u201d, kt\u00f3r\u0105 stosujemy wed\u0142ug przestrogi zawartej w Pi\u015bmie \u015awi\u0119tym.<sup><a href=\"#fn1\">1<\/a><\/sup><\/p><p>Kluczem do zrozumienia istoty chrztu wodnego nie jest obrz\u0105dek w jakim go sprawujemy, ale osoba Jezusa Chrystusa. Dopiero kiedy cz\u0142owiek \u017cyje w biblijnie zdefiniowanej relacji z Bogiem \u2013 Jezusem Chrystusem, jest w stanie w pe\u0142ni zrozumie\u0107 biblijn\u0105 koncepcj\u0119 chrztu. Chrze\u015bcija\u0144stwo to Chrystus&#8230; Dlatego pocz\u0105tkiem chrztu wodnego jest ukorzenie si\u0119 przed Bogiem, uznanie w\u0142asnej grzeszno\u015bci, pokuta i przyj\u0119cie oczyszczenia przez Jego \u015bwi\u0119t\u0105 krew oraz nowe narodzenie.<\/p><p>Czym wi\u0119c jest chrzest wodny? Nowy Testament daje na to pytanie kilka zasadniczych odpowiedzi.<\/p><h4>Chrzest wodny to zanurzenie<\/h4><p>W j\u0119zyku greckim chrzest to \u201ebaptizo\u201d, kt\u00f3rego \u017ar\u00f3d\u0142os\u0142\u00f3w, s\u0142owo \u201ebapto\u201d oznacza \u2013 zanurzy\u0107 co\u015b w p\u0142ynie, a potem to wyj\u0105\u0107. To znaczenie stoi u podstaw jednego z g\u0142\u00f3wnych za\u0142o\u017ce\u0144 wielu ko\u015bcio\u0142\u00f3w: chrztu poprzez ca\u0142kowite zanurzenie w wodzie. (wi\u0119cej: dodatek A)<\/p><h4>Chrzest wodny to \u015bwiadoma decyzja<\/h4><p>Pismo \u015awi\u0119te jasno pokazuje, \u017ce chrzest wodny jest \u015bwiadom\u0105 decyzj\u0105 chrzczonego (wi\u0119cej: dodatek B). To konsekwencja \u015bwiadomej wiary w Jezusa Chrystusa jako Pana i Zbawiciela. Wszystko co robi\u0105 chrze\u015bcijanie musi wynika\u0107 z wiary. Bez wiary nie podobamy si\u0119 Bogu \u2013 zar\u00f3wno my<sup><a href=\"#fn2\">2<\/a><\/sup>, jak i nasze uczynki<sup><a href=\"#fn3\">3<\/a><\/sup>. Ewangelia Marka 16:16 m\u00f3wi \u201ekto uwierzy i ochrzczony zostanie\u2026\u201d, a przyk\u0142ady z Dziej\u00f3w Apostolskich to potwierdzaj\u0105.<sup><a href=\"#fn4\">4<\/a><\/sup> Za ka\u017cdym razem chrzczeni byli ci, kt\u00f3rzy najpierw uwierzyli. Dlatego wykluczamy chrzest niemowl\u0105t (dodatek C), bo nie ma tam \u015bwiadomej decyzji.<\/p><h4>Chrzest wodny to akt poddania si\u0119 Bogu<\/h4><p>Ew. Marka 16:16 u\u017cywa formy biernej: cz\u0142owiek daje si\u0119 ochrzci\u0107. Poddaj\u0105c si\u0119 rytua\u0142owi, poddajemy si\u0119 Bogu, wype\u0142niaj\u0105c przez wiar\u0119 Jego wym\u00f3g. Widzimy to w przyk\u0142adach: Jezus da\u0142 si\u0119 ochrzci\u0107, Pawe\u0142 da\u0142 si\u0119 ochrzci\u0107<sup><a href=\"#fn5\">5<\/a><\/sup>, uczniowie zostali ochrzczeni<sup><a href=\"#fn6\">6<\/a><\/sup>. Najjaskrawiej wida\u0107 to w Dziejach Apostolskich 2:37-38: <em>Upami\u0119tajcie si\u0119 i niechaj si\u0119 ka\u017cdy z was da ochrzci\u0107 w imi\u0119 Jezusa Chrystusa na odpuszczenie grzech\u00f3w waszych&#8230;<\/em><\/p><h4>Chrzest wodny to pod\u0105\u017canie \u015bladami Jezusa Chrystusa<\/h4><p>Jezus da\u0142 si\u0119 ochrzci\u0107, pokazuj\u0105c przyk\u0142ad do na\u015bladowania.<sup><a href=\"#fn7\">7<\/a><\/sup> Jan pocz\u0105tkowo odmawia\u0142, twierdz\u0105c, \u017ce to on powinien by\u0107 chrzczony przez Niego,<sup><a href=\"#fn8\">8<\/a><\/sup> a jednak Jezus podda\u0142 si\u0119 chrztowi, aby \u201ewype\u0142ni\u0107 sprawiedliwo\u015b\u0107\u201d. Po\u0142\u0105czenie chrztu z chrze\u015bcija\u0144sk\u0105 sprawiedliwo\u015bci\u0105 jest kluczowe.<\/p><h4>Chrzest wodny to fizyczne odzwierciedlenie duchowej rzeczywisto\u015bci<\/h4><p><em>Rzym. 6:3-4<\/em> pokazuje, \u017ce fizyczny chrzest obrazowo przedstawia nasze zanurzenie w \u015bmier\u0107 Chrystusa i prowadzenie nowego \u017cycia przez Ducha. Jest to symbol ca\u0142kowitego przesi\u0105kni\u0119cia \u017cyciem Chrystusa; podobnie jak Izrael by\u0142 zanurzony w Starym Przymierzu, tak my \u015bwiadomie przyjmujemy Nowe Przymierze (wi\u0119cej w dodatku D).<sup><a href=\"#fn9\">9<\/a><\/sup> W \u201enim \u017cyjemy, poruszamy si\u0119 i jeste\u015bmy\u201d<sup><a href=\"#fn10\">10<\/a><\/sup>.<\/p><h4>Chrzest wodny jest pro\u015bb\u0105 do Boga o dobre sumienie<\/h4><p><em>1 P\u00e9t. 3:18-21<\/em> m\u00f3wi, \u017ce chrzest to nie tylko zewn\u0119trzne oczyszczenie, lecz pro\u015bba o dobre sumienie przez zmartwychwstanie Jezusa Chrystusa. Chrzest zanurza nasze sumienie w Chrystusie, daj\u0105c duchow\u0105 \u015bwiadomo\u015b\u0107 Bo\u017cej sprawiedliwo\u015bci i motywuj\u0105c nas do \u017cycia zgodnego z Jego wol\u0105.<\/p><p>Jest jeszcze kilka pyta\u0144, kt\u00f3re nasuwaj\u0105 si\u0119 podczas lektury Nowego Testamentu:<\/p><h5>Kto mo\u017ce by\u0107 ochrzczony?<\/h5><p>Ka\u017cdy, kto jest nowonarodzony. W Nowym Testamencie nie znajdujemy dodatkowych warunk\u00f3w. Dotyczy to r\u00f3wnie\u017c dzieci \u2014 je\u015bli \u015bwiadomie przyj\u0119\u0142y nowe narodzenie; odpowiedzialno\u015b\u0107 za ocen\u0119 gotowo\u015bci spoczywa na rodzicach.<\/p><h5>Kto mo\u017ce chrzci\u0107?<\/h5><p>S\u0142udzy Bo\u017cy. W przyk\u0142adach wyst\u0119puj\u0105 Jan Chrzciciel, aposto\u0142owie, ewangelista Filip, aposto\u0142 Pawe\u0142 \u2014 inni nie pojawiaj\u0105 si\u0119 jako inicjatorzy chrztu.<\/p><h5>Gdzie powinni\u015bmy chrzci\u0107?<\/h5><p>W wodzie \u2014 najlepiej w naturalnym akwenie (rzeka). Argument z tradycji \u017cydowskiej o \u201ebie\u017c\u0105cej wodzie\u201d ma sens obrazu, ale to krew Jezusa dokonuje oczyszczenia, a nie tylko woda chrztu.<\/p><p>Mam nadziej\u0119, \u017ce to rozwa\u017canie pomo\u017ce lepiej rozumie\u0107 nowotestamentowe nauczanie o chrzcie.<\/p><hr \/><h4 id=\"dodatek-a\">Dodatek A: znaczenie s\u0142owa chrzci\u0107<\/h4><p>Derek Prince w \u201ePodstawach wiary chrze\u015bcija\u0144skiej\u201d wyja\u015bnia, \u017ce \u201ebaptizo\u201d pochodzi od \u201ebapto\u201d \u2014 zanurzy\u0107, a potem wyci\u0105gn\u0105\u0107. W grece klasycznej u\u017cywano tego s\u0142owa w wielu kontekstach zanurzenia. W Septuagincie (2 Kr\u00f3l. 5:14) opisano zanurzenie Naamana, a nie \u201eobmycie\u201d. Historyczne u\u017cycia potwierdzaj\u0105 sta\u0142e znaczenie: ca\u0142kowite zanurzenie.<\/p><h4 id=\"dodatek-b\">Dodatek B: chrzest \u015bwiadomych<\/h4><p>Bez uprzedniego przyj\u0119cia zbawienia chrzest wodny traci duchowe znaczenie. Wym\u00f3g chrztu skierowany jest do tych, kt\u00f3rzy \u015bwiadomie przyj\u0119li nowe \u017cycie przez Ducha \u015awi\u0119tego. Wszystkie przyk\u0142ady biblijne dotycz\u0105 ludzi \u015bwiadomych decyzji. Pismo przez dob\u00f3r fakt\u00f3w sugeruje chrzest \u015bwiadomy, bo obietnica musi by\u0107 powi\u0105zana z wierz\u0105c\u0105, \u015bwiadom\u0105 wol\u0105.<sup><a href=\"#fn11\">11<\/a><\/sup> Wiar\u0119 trzeba rozumie\u0107 \u015bwiadomie, by mia\u0142a moc.<sup><a href=\"#fn12\">12<\/a><\/sup><\/p><h4 id=\"dodatek-c\">Dodatek C: chrzest niemowl\u0105t<\/h4><p>Biblia nie opisuje chrztu niemowl\u0105t, lecz chrztu \u015bwiadomego. Chrzest to akt woli cz\u0142owieka, nie bierny. Za\u0142o\u017cenie \u201eca\u0142ego domu\u201d jako obejmuj\u0105cego niemowl\u0119ta jest domy\u015blne i nie wynika jednoznacznie z tekstu. Chrzest niemowl\u0105t pojawi\u0142 si\u0119 prawdopodobnie dopiero w III wieku.<\/p><p>Por\u00f3wnania do obrzezania nie stoj\u0105 w zgodzie z zachowaniem Jana i Jezusa \u2014 Jezus da\u0142 si\u0119 ochrzci\u0107 \u015bwiadomie, oko\u0142o 30 roku \u017cycia, co pokazuje, \u017ce poddanie si\u0119 by\u0142o \u015bwiadome i dobrowolne.<\/p><h4 id=\"dodatek-d\">Dodatek D: porz\u0105dek Melchisedeka<\/h4><p>Przyj\u0119cie chrztu wodnego oznacza wej\u015bcie w nowy porz\u0105dek kap\u0142a\u0144ski \u2014 nie Aaronowy, lecz Melchisedekowy. Jezus jest arcykap\u0142anem tego porz\u0105dku<sup><a href=\"#fn13\">13<\/a><\/sup>, a \u015bwi\u0105tynia jest w niebie<sup><a href=\"#fn14\">14<\/a><\/sup>. Nowe Przymierze opiera si\u0119 na Jego ofierze i ustanawia now\u0105 s\u0142u\u017cb\u0119, now\u0105 \u015bwi\u0105tyni\u0119 i nowy system \u2014 nie ma sensu powraca\u0107 do starych rytua\u0142\u00f3w.<\/p><p>Jako poganie zostali\u015bmy przybli\u017ceni przez Chrystusa, nie poprzez dziedzictwo Izraela, lecz przez w\u0142\u0105czenie si\u0119 w Jego cia\u0142o.<sup><a href=\"#fn16\">16<\/a><\/sup><sup><a href=\"#fn17\">17<\/a><\/sup><sup><a href=\"#fn18\">18<\/a><\/sup> Nowe Przymierze ma lepsze obietnice i lepsz\u0105 ofiar\u0119 \u2014 to nowy obrz\u0105dek i nowa \u015bwi\u0105tynia, kt\u00f3r\u0105 jeste\u015bmy my sami.<\/p><p>Odwo\u0142ywanie si\u0119 do starotestamentowych rytua\u0142\u00f3w (obrzezanie, po\u015bwi\u0119cenie dnia \u00f3smego) traci podstaw\u0119, poniewa\u017c one by\u0142y cz\u0119\u015bci\u0105 porz\u0105dku, kt\u00f3ry ju\u017c nie obowi\u0105zuje. Chrystus wprowadzi\u0142 now\u0105 rzeczywisto\u015b\u0107 i tylko On ma prawo wypowiada\u0107 nowe zasady.<sup><a href=\"#fn20\">20<\/a><\/sup><\/p><hr \/><section class=\"footnotes\"><ol><li id=\"fn1\">Obj. 22:18-19<\/li><li id=\"fn2\">Hebr. 11:6<\/li><li id=\"fn3\">Rzym. 14:23 \u2013 wszystko, co nie wyp\u0142ywa z przekonania, jest grzechem.<\/li><li id=\"fn4\">Dz.Ap. 2:41; 8:12; 8:38; 9:18; 10:47-48 i inne.<\/li><li id=\"fn5\">Dz.Ap. 22:16 \u2013 <em>daj si\u0119 ochrzci\u0107<\/em>.<\/li><li id=\"fn6\">Dz. 2:41; 8:36; 9:18.<\/li><li id=\"fn7\">Ef. 5:1<\/li><li id=\"fn8\">Mt. 3:13-17<\/li><li id=\"fn9\">1 Kor. 10:2 \u2013 odwo\u0142anie do typu i zanurzenia w Starym Przymierzu.<\/li><li id=\"fn10\">Dz.Ap. 17:28<\/li><li id=\"fn11\">Jan 20:30-31<\/li><li id=\"fn12\">Hebr. 4:2<\/li><li id=\"fn13\">Hebr. 5:6<\/li><li id=\"fn14\">Hebr. 9:11<\/li><li id=\"fn15\">Hebr. 7:12<\/li><li id=\"fn16\">Gal. 2:15<\/li><li id=\"fn17\">Dz.Ap. 2:39<\/li><li id=\"fn18\">Ef. 2:13<\/li><li id=\"fn19\">Rzym. 11:17<\/li><li id=\"fn20\">Mt. 5:22, 28, 32 itd.<\/li><\/ol><\/section><\/div>\t\t\t\t\t\t\t\t<\/div>\n\t\t\t\t<\/div>\n\t\t\t\t\t<\/div>\n\t\t\t\t<\/div>\n\t\t\t\t<\/div>\n\t\t","protected":false},"excerpt":{"rendered":"<p>Home Spis tre\u015bci Pastor Artur \u015amieja Dla wi\u0119kszo\u015bci z nas, nowonarodzonych chrze\u015bcijan, chrzest wodny nie jest, wydawa\u0142oby si\u0119, jakim\u015b szczeg\u00f3lnym punktem spornym. W zasadzie wszyscy zgadzamy si\u0119 z tym, \u017ce powinni\u015bmy by\u0107 ochrzczeni w wodzie zgodnie z Ew. Mat. 28:20 w imi\u0119 Ojca i Syna, i Ducha \u015awi\u0119tego. Dyskusja zaczyna si\u0119 natomiast wtedy, gdy wchodzimy [&hellip;]<\/p>\n","protected":false},"author":1,"featured_media":0,"parent":2109,"menu_order":0,"comment_status":"closed","ping_status":"closed","template":"","meta":{"footnotes":""},"class_list":["post-3640","page","type-page","status-publish","hentry"],"_links":{"self":[{"href":"https:\/\/slowozycia.wroclaw.pl\/index.php\/wp-json\/wp\/v2\/pages\/3640","targetHints":{"allow":["GET"]}}],"collection":[{"href":"https:\/\/slowozycia.wroclaw.pl\/index.php\/wp-json\/wp\/v2\/pages"}],"about":[{"href":"https:\/\/slowozycia.wroclaw.pl\/index.php\/wp-json\/wp\/v2\/types\/page"}],"author":[{"embeddable":true,"href":"https:\/\/slowozycia.wroclaw.pl\/index.php\/wp-json\/wp\/v2\/users\/1"}],"replies":[{"embeddable":true,"href":"https:\/\/slowozycia.wroclaw.pl\/index.php\/wp-json\/wp\/v2\/comments?post=3640"}],"version-history":[{"count":14,"href":"https:\/\/slowozycia.wroclaw.pl\/index.php\/wp-json\/wp\/v2\/pages\/3640\/revisions"}],"predecessor-version":[{"id":19732,"href":"https:\/\/slowozycia.wroclaw.pl\/index.php\/wp-json\/wp\/v2\/pages\/3640\/revisions\/19732"}],"up":[{"embeddable":true,"href":"https:\/\/slowozycia.wroclaw.pl\/index.php\/wp-json\/wp\/v2\/pages\/2109"}],"wp:attachment":[{"href":"https:\/\/slowozycia.wroclaw.pl\/index.php\/wp-json\/wp\/v2\/media?parent=3640"}],"curies":[{"name":"wp","href":"https:\/\/api.w.org\/{rel}","templated":true}]}}